 - d + q*x. Suppose -w + a + 82 = d, -4*a + 0*a = -w + 82. List the prime factors of w.
2, 41
Suppose 5 = -n, -6*n + 797 = -r - 5*n. Let g = r + 1713. List the prime factors of g.
911
Let j(t) = 64*t**3 - 6*t**2 + 49*t - 214. List the prime factors of j(5).
3, 37, 71
Suppose 0 = -8*l + 29 + 19. Let d be -110*(8/(-12) + (-2)/l). Suppose d = 4*f - 270. What are the prime factors of f?
5, 19
Suppose -9*j = -14*j + 10800. Suppose -j - 110 = -5*y. Suppose -y = 5*a - 1579. List the prime factors of a.
3, 5
Let q(c) = 4225*c - 4773. What are the prime factors of q(7)?
2, 12401
Suppose -41*j + 25*j = -26*j + 10720. List the prime factors of j.
2, 67
Suppose 2947 + 209 = 6*d. Suppose t = -t + d. What are the prime factors of t?
263
Let f(j) = -j**2 + j + 4. Let u be f(5). Let v(y) be the third derivative of -y**4/12 + 10*y**3/3 - 10*y**2. List the prime factors of v(u).
2, 13
Suppose 0 = 29*n - 34*n - 2085. Let q = -359 - n. What are the prime factors of q?
2, 29
Let q = 15722 - -10941. List the prime factors of q.
7, 13, 293
Suppose 10795 = 5*r - 2*q, 24*q + 6491 = 3*r + 20*q. What are the prime factors of r?
3, 719
Let m = 478 - -146. Suppose -4*c = -n + m, -24*n + 1239 = -22*n + c. List the prime factors of n.
2, 5, 31
Suppose -1 = -2*t + 13. Let b(h) = -24 - 4*h**2 - h**3 + 11*h**2 + 6*h + 32. List the prime factors of b(t).
2, 5
Suppose s = -9*d + 10*d + 20657, -4*d = 2*s - 41314. What are the prime factors of s?
7, 13, 227
Suppose 174 = 2*q + q. Suppose 0 = s + 2*k - 7*k - 62, 0 = -4*s + 3*k + 163. Let u = q - s. What are the prime factors of u?
3, 7
Let l = 64462 - 24884. List the prime factors of l.
2, 7, 11, 257
Suppose -1384 = 4*m + 60. Let q = 243 - m. List the prime factors of q.
2, 151
Let h be (22/5)/((-54)/(-135)). Suppose -4*i + 240 = h*i. What are the prime factors of i?
2
Let y(q) = 2*q - 27. Suppose -2*k - 15 - 10 = 5*c, -4*k + 3*c + 15 = 0. Let f be y(k). What are the prime factors of ((-24)/(-40))/((-1)/5)*f?
3
Let v = 30 + -22. List the prime factors of (v + -412)*-2 - 2.
2, 13, 31
Suppose j - 20 = -4*s, -3*s = 2*j + j - 15. Let l(p) = 8 + 2*p - s - 10. List the prime factors of l(12).
17
Let y = -98 + 148. Let t = y - 48. Suppose -51 = -3*k + 5*q, 5*k - t*k - 69 = -q. List the prime factors of k.
2, 11
Let t = 12 + -4. Let s be -2*t/(64/(-12)). Suppose 5*j - 75 = y - 2*y, -177 = -s*y - 3*j. What are the prime factors of y?
5, 11
Let b be ((-128)/(-20))/(12/150). Suppose -s = -5*g + 2 + 9, -4*g + 11 = -3*s. List the prime factors of (-279)/((-136)/b + s/(-5)).
2, 3, 31
Let d(v) = -v**3 - 34*v**2 - 34*v - 33. Let i be d(-33). Suppose i = 24*l - 33*l + 2430. List the prime factors of l.
2, 3, 5
Let r = -19805 + 34405. List the prime factors of r.
2, 5, 73
Let q(x) = -13*x - 42. Let c be q(-2). List the prime factors of (-7562)/(-20) + c/160.
2, 3, 7
Let j be 180 + (3 - (3 + -2)). Suppose -15 = 3*r, a + j = -3*r + 634. What are the prime factors of a?
467
Let h(o) = -5*o**2 - 3*o + 4. Let c be h(-3). Let s be c/(-6)*(-90)/(-12). Suppose 2*f + x = 290, s = -f - 4*x + 185. What are the prime factors of f?
5, 29
Suppose 2*q + 1455 = r, 4*r + q - 6154 = -334. Let y = r - 733. List the prime factors of y.
2, 19
Let c(f) = 5*f**2 + 9*f + 8. Let a be c(-2). Suppose 0 = t + a*t - 2288. Suppose t = 2*j - 154. What are the prime factors of j?
181
Let i(p) = -5*p**2 - 28*p - 83. Let h be i(-18). Let z = 1825 + h. What are the prime factors of z?
2, 313
Let r(w) = 28*w - 138. Let q be r(5). Suppose -29 = p + q*b - 108, 0 = -5*b + 20. List the prime factors of p.
71
Let t(q) = 6*q**2 - 86*q + 983. What are the prime factors of t(37)?
3, 5, 401
Suppose 7*m = -14*m - 11025. Let c = 678 + m. List the prime factors of c.
3, 17
Let n = 4855 + -4505. What are the prime factors of n?
2, 5, 7
Let t(d) = -d + 4. Let l be t(0). Suppose l*n = -2*j - 8, 6*j - 3*j = -2*n - 4. What are the prime factors of (-49)/(-4) - n/(-8)?
2, 3
Let q = 16671 + -9928. List the prime factors of q.
11, 613
Let s = -55 + 57. Suppose -s*r - 18 = -28. Suppose -5*w + 3*t = -437, -r*w + 156 = -2*t - 277. List the prime factors of w.
5, 17
Let v = 12330 + 13791. What are the prime factors of v?
3, 8707
Suppose -112 = -2*u - 3*j - 573, -4*u = -2*j + 898. Let z = u + 1089. What are the prime factors of z?
863
Suppose 71 = -3*f - 7*h + 6*h, -130 = 5*f + 4*h. List the prime factors of ((-2362)/(-3) + 0)/(f/(-33)).
1181
Suppose 510*n + 10719 = 513*n. What are the prime factors of n?
3, 397
List the prime factors of 5 + (-14)/14 - -842.
2, 3, 47
Suppose 2 = -z + 7. Let l(x) = -2*x**3 + 7*x**2 - 13*x + 35. Let k be l(3). Suppose 440 = z*w + 5*t, k*w + 2*t - 470 = 3*t. List the prime factors of w.
3, 31
List the prime factors of -15 + (38 - 15) + (0 - -72098).
2, 31, 1163
Let a be (1*4/(-6))/(4/(-30)). Let o(l) = 2*l**3 + 8*l**2 - 28*l + 6. List the prime factors of o(a).
2, 79
Let r = 1227 - 1153. What are the prime factors of r?
2, 37
Let l = 8559 - -7080. List the prime factors of l.
3, 13, 401
Let g(a) = -a - 1. Let o = -22 - -24. Let r be 282/(-12) - (-3)/o. List the prime factors of g(r).
3, 7
Let g be (3310/10 + 1 + 2)*1. Let k = 367 - g. List the prime factors of k.
3, 11
Suppose -2*z + 2229 + 1289 = -4*g, 0 = 5*g + 3*z + 4392. Let v = -353 - g. List the prime factors of v.
2, 263
Let j(u) = -15*u + 29. Let i(s) = -s - 2. Let b = 19 + -18. Let l(v) = b*j(v) - 6*i(v). What are the prime factors of l(-8)?
113
Let x(i) = 2 - i**3 - 1 - 91*i + 97*i - 3*i**2. Let b be x(-5). Suppose -2*u + 42 = -d + 4*d, -3*u + b = d. What are the prime factors of d?
2, 3
Suppose -62519 = -4*l + 2*h + 38633, -4*h + 24 = 0. What are the prime factors of l?
7, 3613
Let k be 5 + 19/((-95)/(-1820)). What are the prime factors of (-1556 + (0 - -1))*k/(-615)?
3, 311
Let q be (-1 - -2)/((-1)/(-5)). Suppose -h + 4*h - b - 1446 = 0, q*b = -15. List the prime factors of h.
13, 37
Let j = -5024 + 7805. What are the prime factors of j?
3, 103
Suppose -8*k + 8 = -6*k. Suppose -594 = 4*b - 7*b - k*w, 0 = -b - 5*w + 198. List the prime factors of b.
2, 3, 11
Suppose 12*r - 164 = 10*r. Let i(a) = 37*a - 10. Let w be i(6). Suppose r + w = 3*x. List the prime factors of x.
2, 7
Let f(n) = 13*n**2 + 93*n + 18. Let x be f(-7). Suppose 2*k - 80 = 2*v, -40 = -3*k - x*v + 87. List the prime factors of k.
41
What are the prime factors of 4/26 - (-84)/(-182)*-7999?
2, 13, 71
Let c = -10477 + 22432. List the prime factors of c.
3, 5, 797
Let y(d) = 177*d**3 + 5*d**2 + 5*d - 31. List the prime factors of y(3).
2, 601
Suppose 3*r + 9*b - 8227 = 13*b, 4*r = 5*b + 10970. Let l = r + -1536. What are the prime factors of l?
3, 13, 31
Let p(v) = v**3 + v**2 - 11*v + 17. Let n(y) = y**3 - 10*y + 18. Let o = 57 - 63. Let r(m) = o*n(m) + 7*p(m). What are the prime factors of r(-8)?
83
Let a(r) = -28*r - 2 - 9 + 0 - r**2. Let n be a(-9). Let t = n + -78. List the prime factors of t.
2, 41
Let p(o) = -23*o - 26. Suppose -39 = -2*l - 43. Let g be (-2 + 3)/(l/14). What are the prime factors of p(g)?
3, 5
Let q = 3762 - 3759. Suppose g = -g - 10, 0 = -2*i + 2*g + 24. What are the prime factors of (q + -5 + i)*(-148)/(-10)?
2, 37
Let c = 162 - 159. Suppose -c*x + 5*t + 819 = 0, 5*t = -3*x + 2*t + 843. List the prime factors of x.
2, 139
Let p be 4/(-14) - (-1570)/7. Let j = p - 191. What are the prime factors of j?
3, 11
Suppose 15*u - 42752 - 71428 = 0. What are the prime factors of u?
2, 11, 173
Let k = 405 - 405. Suppose k = 33*u - 5880 - 15768. What are the prime factors of u?
2, 41
Suppose -224*n + 5583340 = -1578233 - 1368123. List the prime factors of n.
3, 4231
What are the prime factors of (-1 + -27475 - -2)*((-252)/27 - -9)?
2, 19, 241
Let d(v) = v**2 + 20*v + 39. Let t be d(-18). Suppose -9*f + 7*f + 2550 = 4*p, t*f + 2565 = 4*p. List the prime factors of p.
3, 71
Suppose -541 = 19*y + 5064. Let g = y - -601. List the prime factors of g.
2, 3, 17
Let x be 6/9*3*3. Suppose 276 = -x*t - 72. Let n = 86 + t. What are the prime factors of n?
2, 7
Let w(v) = -658*v**3 - 2*v**2 - 3*v + 5. What are the prime factors of w(-2)?
23, 229
Let g = 10370 - 4858. List the prime factors of g.
2, 13, 53
Suppose w - 21 = -6*w. Suppose -g = -3*m - 515, 0 = -w*g - 5*m + 718 + 827. List the prime factors of g.
5, 103
Let r = 23593 + 4574. List the pr